rt -110130 (base 4) to base 2.
-10100011100
20055 (base 6) to base 8
5103
3405 (base 7) to base 10
1230
Convert -410 (base 11) to base 12.
-353
3047 (base 11) to base 5
112134
What is 2012 (base 7) in base 15?
315
What is -135d (base 14) in base 15?
-102a
What is -18474 (base 9) in base 13?
-5a85
What is 8b19 (base 12) in base 15?
4889
-4301 (base 7) to base 5
-22040
Convert 3414 (base 7) to base 5.
14421
Convert -67 (base 13) to base 16.
-55
What is 6eaa (base 15) in base 16?
5c08
What is 460 (base 11) in base 8?
1046
What is 2521 (base 6) in base 13?
391
What is 533 (base 13) in base 14?
475
1001111011 (base 2) to base 14
335
Convert 1220100 (base 3) to base 15.
626
Convert b094 (base 14) to base 13.
10a4b
-395 (base 10) to base 16
-18b
What is 727 (base 11) in base 5?
12001
Convert 662 (base 8) to base 15.
1de
Convert 25343 (base 8) to base 13.
4cc7
Convert -3152 (base 6) to base 13.
-431
Convert -7c4 (base 16) to base 5.
-30423
-34040 (base 5) to base 10
-2395
Convert 123102 (base 4) to base 7.
5043
What is -a750 (base 16) in base 4?
-22131100
Convert 67 (base 16) to base 9.
124
Convert -22a4 (base 12) to base 7.
-14164
Convert 58 (base 11) to base 14.
47
What is 102b (base 13) in base 7?
6341
11140 (base 5) to base 15
380
What is -4234 (base 10) in base 8?
-10212
Convert 11d2 (base 14) to base 5.
44444
Convert -2a2 (base 13) to base 10.
-470
Convert 16cb9 (base 15) to base 14.
1cc3b
-4433 (base 13) to base 4
-2110202
Convert 1012102 (base 3) to base 16.
36b
Convert 3021302 (base 5) to base 14.
1387d
What is -13132300 (base 4) in base 5?
-1440030
What is -105674 (base 8) in base 16?
-8bbc
What is -3210443 (base 5) in base 15?
-10e68
What is 2247 (base 14) in base 12?
3533
101210 (base 4) to base 15
4ee
-1a7 (base 13) to base 3
-102100
What is -2006 (base 8) in base 9?
-1364
What is -5243 (base 6) in base 3?
-1121200
Convert 10111111001 (base 2) to base 5.
22104
What is 10001330 (base 4) in base 8?
40174
-10201 (base 3) to base 12
-84
What is 5216 (base 9) in base 10?
3822
What is ae4 (base 15) in base 11?
1940
Convert 1093 (base 11) to base 6.
10345
Convert 644 (base 8) to base 4.
12210
What is -843 (base 9) in base 13?
-40b
Convert -2223 (base 5) to base 11.
-265
-1d3 (base 15) to base 7
-1143
-32116 (base 7) to base 13
-3808
2321031 (base 4) to base 3
121021000
1160 (base 8) to base 15
2b9
Convert -140301 (base 5) to base 7.
-22423
Convert 4a4 (base 12) to base 9.
857
Convert 221021112 (base 3) to base 6.
221152
-2a04 (base 13) to base 8
-13710
What is -1101001010011 (base 2) in base 8?
-15123
285 (base 12) to base 6
1445
-64265 (base 7) to base 14
-5b35
What is 10042314 (base 5) in base 4?
103300333
What is 324132 (base 5) in base 8?
25637
b09 (base 16) to base 10
2825
-3416 (base 7) to base 14
-646
Convert -260 (base 10) to base 2.
-100000100
420 (base 15) to base 10
930
20531 (base 7) to base 13
23cc
What is 399 (base 12) in base 10?
549
Convert -123 (base 4) to base 9.
-30
What is -10011101 (base 2) in base 4?
-2131
Convert 581a (base 13) to base 12.
71a0
Convert 2506 (base 12) to base 10.
4182
3c0 (base 14) to base 10
756
Convert 12111120 (base 3) to base 15.
12c6
1310332 (base 4) to base 6
54354
112d (base 15) to base 2
111000111011
Convert 1546 (base 7) to base 4.
21232
What is 444 (base 10) in base 4?
12330
What is 1aa (base 13) in base 14?
181
Convert -1101100010 (base 2) to base 9.
-1162
What is 11020121 (base 3) in base 6?
22154
Convert 1a (base 13) to base 3.
212
What is 2354 (base 6) in base 11?
482
-25142 (base 7) to base 16
-19c4
Convert 121200020 (base 3) to base 12.
7050
What is 1100211 (base 3) in base 16?
3e2
What is -1221020211 (base 3) in base 9?
-57224
1221112 (base 4) to base 3
100020201
What is 1203322 (base 4) in base 10?
6394
2410 (base 7) to base 16
379
Convert -482 (base 11) to base 15.
-284
What is -11011100010110 (base 2) in base 5?
-422402
-36465 (base 10) to base 16
-8e71
45357 (base 10) to base 8
130455
What is 19b78 (base 12) in base 11?
26583
-5a12 (base 13) to base 12
-7416
What is 10122 (base 4) in base 5?
2112
Convert 969 (base 12) to base 15.
61c
What is 299 (base 15) in base 5?
4334
Convert -328 (base 15) to base 11.
-599
What is -10001100100110 (base 2) in base 15?
-29ed
-15181 (base 14) to base 5
-3134240
What is 79997 (base 10) in base 7?
452141
What is -100100111 (base 2) in base 11?
-249
What is -26b (base 15) in base 13?
-335
Convert -91b (base 14) to base 8.
-3375
Convert -24392 (base 11) to base 12.
-18366
Convert -1c12 (base 14) to base 3.
-21000100
What is 783 (base 14) in base 8?
2717
533 (base 15) to base 10
1173
12312 (base 4) to base 8
666
What is -6390 (base 13) in base 4?
-3113232
What is -1647 (base 14) in base 9?
-5415
-2e5d (base 15) to base 13
-4714
What is 1100111 (base 2) in base 5?
403
What is -6005 (base 16) in base 10?
-24581
What is -f71 (base 16) in base 7?
-14345
What is 63470 (base 8) in base 6?
322200
Convert -1899 (base 16) to base 10.
-6297
What is -3a0 (base 13) in base 15?
-2c7
Convert 418 (base 9) to base 13.
203
Convert 30024 (base 5) to base 10.
1889
What is a400 (base 11) in base 12?
7b96
-31103 (base 4) to base 13
-506
-709 (base 16) to base 12
-1061
Convert -11110 (base 3) to base 9.
-143
Convert -14006 (base 7) to base 12.
-222b
60173 (base 8) to base 14
9003
abb8 (base 13) to base 15
718a
-4455 (base 9) to base 12
-1aa2
34 (base 5) to base 15
14
-717 (base 14) to base 4
-111301
What is 14660 (base 8) in base 2?
1100110110000
Convert 52323 (base 6) to base 14.
27c7
What is 11032 (base 6) in base 13?
90b
Convert -110102110 (base 3) to base 11.
-6894
-110000100 (base 2) to base 8
-604
a18 (base 12) to base 2
10110110100
Convert 2a5 (base 11) to base 16.
165
What is 30664 (base 7) in base 12?
4447
What is a0c0 (base 13) in base 4?
11121232
1582 (base 16) to base 9
7487
What is -1134 (base 6) in base 10?
-274
What is 998 (base 10) in base 6?
4342
1222001 (base 3) to base 2
10110011000
Convert 487b (base 15) to base 6.
155212
Convert 10002102222 (base 3) to base 6.
1145342
What is -89 (base 10) in base 13?
-6b
What is -113202 (base 4) in base 8?
-2742
What is -2b4 (base 15) in base 5?
-4434
What is -3434a (base 12) in base 16?
-10fea
204527 (base 8) to base 16
10957
What is 89b (base 12) in base 15?
59b
Convert -452 (base 9) to base 13.
-227
-10104 (base 6) to base 7
-3616
-3b3a (base 16) to base 14
-5750
26d4 (base 15) to base 9
12341
-549 (base 12) to base 13
-47a
Convert 12110111 (base 3) to base 16.
f8e
Convert 32301 (base 4) to base 8.
1661
What is -1000441 (base 6) in base 14?
-130c9
6d9 (base 16) to base 9
2357
Convert 1107 (base 14) to base 6.
21351
What is 126 (base 16) in base 5?
2134
What is 29 (base 11) in base 5?
111
-25 (base 13) to base 3
-1011
-17772 (base 10) to base 12
-a350
Convert -1010100001 (base 2) to base 9.
-827
What is 18a63 (base 12) in base 7?
210114
-5b63 (base 12) to base 15
-30b9
What is 1634 (base 8) in base 6?
4140
Convert -17332 (base 8) to base 12.
-46a2
What is 1d5 (base 15) in base 3?
120202
What is -c71 (base 15) in base 9?
-3757
Convert 16a (base 11) to base 15.
d2
What is -255 (base 16) in base 10?
-597
Convert -277 (base 13) to base 9.
-534
Convert 14305 (base 7) to base 3.
12101101
What is -503 (base 11) in base 13?
-37a
Convert -40000 (base 7) to base 6.
-112244
Convert -158 (base 14) to base 13.
-181
Convert -234 (base 11) to base 3.
-101100
-20151 (base 6) to base 3
-10122111
112103 (base 6) to base 5
301133
What is -543 (base 12) in base 2?
-1100000011
Convert 887 (base 9) to base 5.
10402
-17011 (base 9) to base 14
-437c
Convert -1000000100111 (base 2) to base 3.
-12200011
What is 2235 (base 7) in base 3?
1010000
-15707 (base 10) to base 3
-210112202
Convert -3644 (base 7) to base 4.
-111023
436 (base 8) to base 10
286
-1712 (base 16) to base 14
-221c
517 (base 10) to base 7
1336
Convert 1092 (base 16) to base 11.
3207
Convert -15420 (base 6) to base 8.
-4744
164d (base 15) to base 12
293a
What is -221102 (base 4) in base 2?
-101001010010
412 (base 11) to base 2
111110001
What is 110110001 (base 2) in base 7?
1156
What is -992 (base 14) in base 4?
-131210
Convert 1010121 (base 3) to base 15.
3a1
What is 101122 (base 3) in base 5?
2122
382 (base 10) to base 15
1a7
What is 313203 (base 4) in base 3?
11212200
b7 (b